-1011121
-b98 (base 16) to base 12
-1874
82e (base 16) to base 10
2094
Convert 1330 (base 9) to base 6.
4343
What is -122040 (base 5) in base 4?
-1020211
-42 (base 13) to base 4
-312
-1101212202 (base 3) to base 15
-82ae
Convert -29322 (base 10) to base 15.
-8a4c
What is 873 (base 10) in base 3?
1012100
Convert -1054 (base 13) to base 12.
-138a
Convert -143100 (base 6) to base 15.
-4099
-83 (base 9) to base 6
-203
What is -243 (base 6) in base 9?
-120
Convert 11001111000110 (base 2) to base 10.
13254
What is 18411 (base 10) in base 16?
47eb
Convert 3181 (base 9) to base 5.
33331
What is 223 (base 11) in base 2?
100001011
920 (base 14) to base 8
3400
What is 23130 (base 4) in base 7?
2064
Convert 115 (base 10) to base 11.
a5
What is 605 (base 8) in base 16?
185
Convert -a5 (base 12) to base 14.
-8d
224a (base 14) to base 2
1011100111010
Convert 2c3 (base 16) to base 14.
387
What is -9331 (base 11) in base 4?
-3001120
200121 (base 3) to base 9
617
1110121 (base 3) to base 11
892
Convert -2820 (base 13) to base 6.
-42420
-5188 (base 12) to base 5
-241023
What is -519 (base 12) in base 14?
-3ad
Convert 19 (base 14) to base 6.
35
-10001110 (base 2) to base 8
-216
What is -22819 (base 11) in base 15?
-9b57
What is -264 (base 8) in base 9?
-220
-1431 (base 7) to base 5
-4221
Convert -1100110101 (base 2) to base 3.
-1010102
Convert -17e (base 16) to base 2.
-101111110
Convert 3e50 (base 15) to base 3.
200022110
Convert -2971c (base 13) to base 10.
-78103
42105 (base 8) to base 12
a145
What is -2112000 (base 3) in base 5?
-24321
-12110012 (base 3) to base 13
-1a69
13331 (base 4) to base 8
775
What is 66 (base 9) in base 8?
74
Convert -dc0d (base 15) to base 13.
-18289
What is -3898 (base 11) in base 10?
-5068
122201 (base 3) to base 13
2aa
What is 10000000111 (base 2) in base 16?
407
-125 (base 14) to base 15
-104
What is -102113 (base 6) in base 11?
-6223
Convert 1010110001010 (base 2) to base 5.
134024
What is 340 (base 8) in base 5?
1344
Convert 5362 (base 7) to base 12.
112a
-153 (base 14) to base 15
-12e
Convert 420a8 (base 11) to base 15.
13299
Convert 2101011 (base 3) to base 13.
a33
Convert 75055 (base 10) to base 16.
1252f
Convert 2da (base 15) to base 6.
3011
Convert 207a (base 16) to base 8.
20172
Convert -103a (base 11) to base 15.
-619
What is 41404 (base 5) in base 16?
aa9
1721 (base 13) to base 7
12635
What is 3072 (base 14) in base 13?
3a3c
Convert 2213232 (base 5) to base 12.
1a39b
Convert 1869 (base 14) to base 15.
148a
b18 (base 12) to base 10
1604
Convert 4 (base 12) to base 8.
4
-10143 (base 5) to base 9
-827
Convert 7b1b (base 15) to base 6.
320542
What is -1da (base 15) in base 9?
-527
What is 621 (base 8) in base 6?
1505
Convert 466 (base 11) to base 4.
20230
What is 128a7 (base 13) in base 6?
423244
-597b (base 13) to base 2
-11000101000000
563 (base 7) to base 11
244
-4a3 (base 12) to base 10
-699
340003 (base 6) to base 3
1110010010
What is -65b7 (base 12) in base 15?
-34d7
Convert 47850 (base 9) to base 6.
404200
What is -421 (base 16) in base 6?
-4521
Convert 3b (base 12) to base 3.
1202
Convert 10483 (base 9) to base 12.
4040
107605 (base 9) to base 11
44627
What is -31016 (base 7) in base 5?
-220214
What is -2354 (base 8) in base 11?
-a46
10113 (base 4) to base 8
427
Convert 105 (base 14) to base 5.
1301
811 (base 12) to base 8
2215
What is -112423 (base 6) in base 11?
-7295
1000020 (base 3) to base 10
735
-245 (base 16) to base 3
-210112
2061 (base 13) to base 11
33a7
Convert 120111 (base 3) to base 8.
642
Convert -625 (base 8) to base 12.
-299
312202 (base 5) to base 8
24076
What is -2364 (base 7) in base 4?
-31233
-54 (base 14) to base 5
-244
What is 13221 (base 5) in base 4?
100211
13551 (base 10) to base 9
20526
454 (base 13) to base 14
3b3
Convert 661 (base 8) to base 4.
12301
4b6b (base 15) to base 2
11111011001100
Convert -21321 (base 10) to base 9.
-32220
-2100201011 (base 3) to base 12
-22a64
Convert -4586 (base 14) to base 7.
-50126
-100100110011 (base 2) to base 3
-10020020
What is -324 (base 14) in base 13?
-389
Convert 45020 (base 10) to base 3.
2021202102
Convert 12220 (base 5) to base 15.
425
32c (base 14) to base 7
1555
Convert 1162 (base 9) to base 2.
1101100010
1386b (base 14) to base 4
23302313
What is -3337 (base 12) in base 4?
-1120123
What is -4b11 (base 14) in base 5?
-410042
1412002 (base 5) to base 16
714a
Convert 2122 (base 7) to base 11.
623
What is -11111001100100 (base 2) in base 9?
-23816
197 (base 16) to base 12
29b
What is 3131 (base 4) in base 14?
11b
What is 2062 (base 8) in base 13?
648
Convert -12d6 (base 14) to base 8.
-6374
Convert 1aa72 (base 11) to base 4.
13020320
Convert -120 (base 15) to base 13.
-168
What is -21501 (base 6) in base 4?
-232231
Convert 13432 (base 5) to base 7.
3154
What is -530 (base 9) in base 3?
-121000
What is 4044043 (base 5) in base 10?
65523
What is 18158 (base 9) in base 5?
400102
What is -44 (base 14) in base 9?
-66
What is -123000 (base 5) in base 14?
-1a34
42a (base 11) to base 8
1004
What is -24434 (base 5) in base 10?
-1869
What is 566 (base 12) in base 4?
30132
-23286 (base 9) to base 12
-8bb9
What is b93 (base 16) in base 13?
146c
What is -36f (base 16) in base 7?
-2364
What is -12352 (base 7) in base 5?
-101041
What is -4a6d (base 16) in base 11?
-13351
47b9 (base 12) to base 3
102001120
Convert -1001111011 (base 2) to base 11.
-528
What is -12102 (base 3) in base 2?
-10010010
-2011012211 (base 3) to base 6
-524251
What is -1101010100000 (base 2) in base 14?
-26ac
17ac (base 16) to base 6
44020
506 (base 7) to base 2
11111011
48225 (base 11) to base 10
69481
Convert 13102 (base 4) to base 9.
567
What is -16113 (base 8) in base 14?
-28d5
fca (base 16) to base 4
333022
-1174 (base 8) to base 15
-2c6
-102 (base 5) to base 10
-27
What is 2503 (base 8) in base 6?
10123
Convert -2247 (base 8) to base 3.
-1122010
What is 613 (base 12) in base 3?
1012120
What is 266b (base 12) in base 16?
1133
What is -1200110 (base 4) in base 13?
-2a62
23929 (base 10) to base 4
11311321
What is 23215 (base 8) in base 11?
7462
Convert -16687 (base 10) to base 8.
-40457
Convert 13300 (base 7) to base 13.
1822
What is -44959 (base 10) in base 6?
-544051
What is -3423 (base 5) in base 4?
-13220
What is -253 (base 10) in base 6?
-1101
Convert -70 (base 9) to base 4.
-333
-899 (base 12) to base 15
-599
15b (base 13) to base 6
1045
Convert -126 (base 15) to base 10.
-261
What is -3931 (base 12) in base 4?
-1211311
Convert -201201 (base 3) to base 8.
-1024
What is -1220300 (base 5) in base 16?
-5aa0
-1375 (base 9) to base 16
-410
Convert 10664 (base 7) to base 15.
c2b
403440 (base 5) to base 8
31303
39 (base 14) to base 10
51
-258 (base 12) to base 9
-435
Convert 1836 (base 12) to base 11.
2217
What is 4340 (base 5) in base 2?
1001010011
Convert 1a1a7 (base 12) to base 16.
958f
63003 (base 9) to base 8
121124
Convert -1278b (base 13) to base 8.
-102715
-2d1 (base 14) to base 11
-483
12302112 (base 4) to base 15
8383
What is -10101101 (base 3) in base 2?
-100110100011
Convert a74 (base 15) to base 7.
6610
What is 110110001 (base 2) in base 8?
661
What is -1100101101110 (base 2) in base 14?
-2530
2120021 (base 3) to base 16
74e
28028 (base 9) to base 7
106223
Convert 371 (base 10) to base 11.
308
49728 (base 10) to base 3
2112012210
36714 (base 8) to base 2
11110111001100
What is -882 (base 9) in base 12?
-502
131 (base 5) to base 15
2b
41235 (base 6) to base 9
7475
What is 349 (base 14) in base 12?
465
Convert -293 (base 14) to base 3.
-201022
Convert 230223 (base 4) to base 16.
b2b
What is d0ba (base 15) in base 2?
1010110000010010
What is 423 (base 5) in base 3?
11012
-30c7 (base 13) to base 14
-2666
What is 737 (base 15) in base 16?
65b
-100011000010 (base 2) to base 13
-1036
What is -5d (base 16) in base 3?
-10110
Convert -111000001100010 (base 2) to base 3.
-1110110120
What is -aaea (base 15) in base 4?
-20311330
Convert -91 (base 16) to base 7.
-265
Convert 1810 (base 9) to base 10.
1386
4164 (base 11) to base 15
197a
What is 210 (base 4) in base 15?
26
1042332 (base 5) to base 16
4823
Convert -2583 (base 9) to base 3.
-2122210
-2554 (base 8) to base 9
-1812
Convert -636 (base 13) to base 9.
-1406
1b1b (base 13) to base 7
14616
Convert -267d (base 15) to base 13.
-3982